et y(g) = g**2 + 2*g - 4. Let w(p) = p**3 - 5*p**2 + 4*p. Let v be w(4). Let u be (1 - (-3 + v))*-1. Calculate y(u).
4
Let p(l) = 3*l + 1. Let a(i) be the second derivative of 5*i**3/3 + i**2 + 3*i. Let y(u) = 2*a(u) - 7*p(u). Determine y(-3).
0
Let s(n) be the second derivative of -n**3/6 + n**2/2 - 16*n. Let b = 3 + -2. Let j be s(b). Let f(o) = o**3 + o**2 + o - 4. Determine f(j).
-4
Let i(g) be the second derivative of -g**3/3 + g**2 + 3*g. Give i(-6).
14
Let q = -2 + 2. Let d = -16 + 22. Let r(x) = 0*x**2 + x**2 - d*x - 5 + 5*x. Determine r(q).
-5
Let o be (1 - -2)/3*2. Let k be 329/(-63) + o/9. Let l(a) = 1. Let b(r) = r + 3. Let s(j) = -2*b(j) + 2*l(j). Determine s(k).
6
Let j be (-2)/(-4)*-2*0. Suppose 5 = -j*g - 3*g + 5*w, -5*w + 25 = g. Let b(s) be the first derivative of s**3/3 - 7*s**2/2 + 2*s - 5. Calculate b(g).
-8
Let w(j) be the third derivative of 0*j + 3*j**2 + 1/4*j**4 + 0 - 2/3*j**3 + 1/60*j**5. Calculate w(-6).
-4
Let x(q) = -7*q**2 + 2*q**3 + 0*q**3 + 4*q - 3 - 3*q**3. Let h(v) = 6*v**3 + 35*v**2 - 19*v + 14. Let c(l) = -2*h(l) - 11*x(l). What is c(6)?
5
Let x(w) = -3*w - 3. Let o(n) = 13*n + 11. Let h(p) = 2*o(p) + 9*x(p). Calculate h(-7).
2
Let r be ((-4 - -3) + -1)*(-5 - -4). Let u(w) = -4*w**2 + 3*w. Calculate u(r).
-10
Let b(s) = -4*s**3 + s**2 - 4*s + 4. Let d be b(1). Let t(u) = -3*u + 0*u**2 - 5*u**2 + 4*u**2. Determine t(d).
0
Let n(j) = -j**2 + 7*j - 6. Let u be n(5). Let s(x) = -6 + 4*x - u*x + 0 - x. Let o be -1 - (0 - 0) - -1. Determine s(o).
-6
Let x = 20 + -16. Let n(g) be the second derivative of -5/12*g**x - 1/3*g**3 - 2*g + 0 - 1/2*g**2. Determine n(-1).
-4
Let r(s) be the second derivative of 3*s**5/10 - s**4/6 + s**3/3 - s**2/2 - 7*s. Determine r(1).
5
Let h(s) = -s**2 - 2. Let y(m) = -m**2 - 1. Let r(f) = 5*h(f) - 6*y(f). Let j be r(3). Let v(k) = k**2 - 5*k - 1. Give v(j).
-1
Let q(z) = -z**2 + z + 4. Let f be q(3). Let r(h) = 3*h**3 + 3*h - h**3 + 0*h**3 + 4*h**2 - h**3 + 1. Determine r(f).
3
Let r(p) = p**3 + p**2 - p - 1. Let u(c) = 4*c**3 + 6*c**2 - 8*c - 7. Let z(j) = -3*r(j) + u(j). Calculate z(-3).
11
Let g(b) = -2*b**3 + b**2. Let m = -4 - -3. Let x be g(m). Let n(p) = -p**x + 2*p + 1 - 4 + 3. Determine n(-2).
4
Suppose q = 3 - 0. Suppose 7*o = q*o. Let y(f) = -f - 11. Determine y(o).
-11
Let d(x) = 2*x**2 + 0 + 2 - 5*x - 1 - 3. What is d(4)?
10
Suppose 0 = -2*u + 2 + 6. Let j(t) = t - 10. Let m(v) = v - 12. Let a(g) = 5*j(g) - 4*m(g). Calculate a(u).
2
Let k(u) = 3*u**2 - u + 1. Suppose -3*n - 2 = p, -5*n - 3 = p + 1. Let z be k(p). Suppose 7 - 22 = z*h. Let w(q) = -q - 4. Give w(h).
1
Suppose -f + 14 = 4*x, -4*x = 3*f - 18 + 8. Let o(r) = -r**3 + 2*r**2 + 5*r + 1. What is o(x)?
-11
Let v(z) = z**3 - 6*z**2 + 3*z + 3. Suppose 4*h = h + 6. Suppose -16 = -3*l - j, l - h*j = 3*j. What is v(l)?
-7
Suppose 5*g - 25 = 2*o + o, 15 = 3*g - 4*o. Let b(n) = -n**2 + 4*n + 9. Let a(k) = k**2 - 4*k - 10. Let j(v) = 5*a(v) + 6*b(v). Determine j(g).
-1
Let s(p) = -p + 12. Let u(h) = 7*h + 45. Let n be u(-5). Determine s(n).
2
Let h be (-21)/3*12/14. Let l(n) be the second derivative of -2*n - 1/6*n**3 - 1/2*n**2 + 0. Give l(h).
5
Let v(a) = a - 8. Suppose -3*h + 5*h = 4. Let s be -3 - (2 - (h - -3)). Determine v(s).
-8
Let k(s) = 2*s**3 + 1. Let d = -5 - -6. Let b(f) = -f - 3. Let t be b(-7). Let c be 2*d/t*-2. Determine k(c).
-1
Let z(x) be the third derivative of x**6/12 - x**5/60 + x**4/24 - x**3/6 - 14*x**2. Calculate z(1).
9
Let o = -1091/12 - -91. Let w(x) be the second derivative of -1/20*x**5 + 1/3*x**3 + 0 + x - o*x**4 + 3/2*x**2. Determine w(-2).
3
Let u(g) = -2*g + 2. Suppose 3*m - 3 - 24 = -3*c, -m = -2*c + 3. Calculate u(c).
-6
Suppose 4*j - 5*j = -59. Let u(n) = 0 + j*n - 60*n + 2 + 0. Calculate u(6).
-4
Let l(f) = f**3. Let s(z) = 2*z**3 + 2*z**2 + 3*z - 1. Let v(n) = 3*l(n) - s(n). Determine v(3).
1
Let n(p) = p + 1. Let m be n(3). Suppose m*b + 32 = 4*g, 3*b + 23 = g - b. Let f(t) = 1 - 4*t**2 + 4*t**2 + g*t**2 - t - t**3. What is f(3)?
-2
Let d(z) = 2*z + 2. Let i = -10 + 12. Suppose 0 = -y + 3*y. Let h = i - y. What is d(h)?
6
Let u be ((-1)/2)/(2/(-8)). Let l(v) = v - 2*v - u - 1. Suppose -n - 3 = -0*n. What is l(n)?
0
Let d be 24/(-16)*(2 - 0). Let p(q) = -4*q - 1. What is p(d)?
11
Let c(v) be the second derivative of -v**4/12 - 5*v**2/2 - 4*v. Calculate c(0).
-5
Let l = 57 - 53. Let t(x) be the first derivative of -1/4*x**l - 3*x**2 - 2 - 2*x + 2*x**3. Give t(5).
-7
Suppose s - h = 20, -3*h + 1 + 2 = 0. Let u(b) = 3*b - 21 + s. Let f(t) = -t - 1. Let l be f(1). Determine u(l).
-6
Let v be (-1 + -1)/2*6. Let s(z) = 6*z + 3. Let b(g) = -g + 1. Let t(k) = -4*k + 2. Let w(u) = -11*b(u) + 4*t(u). Let q(n) = v*s(n) - 7*w(n). Determine q(0).
3
Suppose 4*r - 34 - 46 = 0. Suppose -j + 3*w - 4 = -2*w, -r = 5*j - 3*w. Let y(g) = g**3 + 4*g**2 + 2*g + 4. Calculate y(j).
-4
Suppose -4*k + 2*g = -14, 0*k + 4*k - 49 = -5*g. Let a(l) = -2*l**3 + 3*l**3 + 2 - 4*l**2 + 0 - k*l. Suppose 0 = 5*r + 15, -5*m = 5*r - 14 + 4. Determine a(m).
-3
Suppose v = -4*v - 55. Let k(d) = -3*d**2 - 7*d. Let z(h) be the third derivative of 2*h**5/15 + 5*h**4/6 - h**2. Let y(g) = v*k(g) - 4*z(g). What is y(4)?
4
Let t(f) = f + 5. Let y be t(-4). Suppose -g - y = -4. Let a(r) = r**3 - 2*r**2 + r**g + 4*r**3 + 1. What is a(-1)?
-7
Suppose -6*o = 28 + 14. Let h(c) = c**3 + 6*c**2 - 8*c - 8. Calculate h(o).
-1
Suppose 4*r = 25 + 7. Suppose -5*a - 20 = 0, 3*q + 4*a = -q - r. Let x(z) be the first derivative of 2*z**3/3 - 3*z**2/2 + 3*z + 2. Give x(q).
5
Let o(l) = 3*l - 3. Let b(n) = 16*n**2 - 1. Let a be b(-1). Let z = a + -11. Give o(z).
9
Let d(l) be the first derivative of l**4/12 - l**3/6 + 3*l**2/2 - 3. Let u(n) be the second derivative of d(n). Calculate u(-4).
-9
Let x(v) be the first derivative of -v**4/4 - v**3 + 2*v**2 + 3*v - 3. Determine x(-4).
3
Let v(c) = -c**3 + 7*c**2 - 7*c + 4. Let x(u) = -u**2 - 16*u - 20. Let n be x(-14). Suppose 7*p - n*p + 6 = 0. Give v(p).
-2
Suppose 4*j + 12 = 7*j. Let z(l) be the second derivative of -l**4/12 + 5*l**3/6 + l**2/2 - l. Determine z(j).
5
Let x(p) = -p**2 - 4*p + 6. Let j = 80 + -86. Determine x(j).
-6
Let d(t) = -t**3 + 3*t**2 - t - 1. Let i be d(2). Let g be i*(-3)/3*1. Let a = g - 2. Let s(u) = u**3 + 5*u**2 + 3*u - 1. What is s(a)?
8
Let q be (2 - 5 - -4)*13. Let x = q + -12. Let g(c) = 7*c - 1. Give g(x).
6
Let y(r) be the second derivative of r**3/2 + r**2 + 33*r. Calculate y(3).
11
Let d(v) = 15 - 4 - v - 5. Determine d(6).
0
Let g(n) = -2*n + 8. Let b = 45 - 39. Calculate g(b).
-4
Let k(d) = -2*d + 6. Let h = 159 - 153. Calculate k(h).
-6
Let g(u) = -6*u**3 + 5*u**2 - 3*u - 2. Let a(q) = -5*q**3 + 5*q**2 - 2*q - 2. Let v(t) = -5*a(t) + 4*g(t). Give v(5).
-8
Let b(f) = f**2 - 5*f - 1. Suppose -3*u = -2*s - 23, u = 4*s + 4 + 17. What is b(u)?
-1
Suppose 5*f + 20 = -0*f. Let l(y) = -y**2 - 3*y + 3. What is l(f)?
-1
Let h be 3 + 0 + 0 - 2. Let b(c) = 6*c**3 - c**2 + 1. Determine b(h).
6
Let y = 4 - 0. Let t = 5 - y. Let z(h) = -9*h**3 + h**2. What is z(t)?
-8
Let v(b) = 6*b**3 - 2*b + 2. Let l(c) = -c**3 + c**2 + c - 1. Let r(a) = -4*l(a) - v(a). Calculate r(-2).
6
Let l(y) be the first derivative of y**5/120 - y**4/24 + y**3 + 3. Let n(g) be the third derivative of l(g). Give n(4).
3
Suppose 1 - 9 = -4*k. Suppose 4*z + 11 = 3*r, k*r + 2*r - 3*z = 17. Let s(d) = d**3 - 7*d**2 + 2*d**2 - 1 + r*d - d. Calculate s(3).
-7
Suppose -4*i = -3*y - 1 + 11, -3*y + 3*i = -12. Let n(p) = p - 3. Give n(y).
3
Let c(k) = k**2 - k - 4. Let p be c(3). Let q be -2 - -1 - (-2 - 3). Let v(h) = h**2 + 2*h + 4*h - p*h - q. Calculate v(-5).
1
Let b(k) = 8 - 11 + k**2 - 8*k + 8. Give b(6).
-7
Let c be (2/(-10))/((-1)/5). Let y be (1 - (3 - 1))/c. Let u(r) be the first derivative of r**3 + 1. Calculate u(y).
3
Let y be 4/(-10) - 352/(-55). Let o(k) = -k**3 + 7*k**2 - 3*k - 5. Give o(y).
13
Let x(u) be the first derivative of u**4/4 - 5*u**3/3 + 3*u**2/2 - 4*u - 2. Suppose -3*l - a - 16 = 0, 2*a - 3 + 11 = 0. Let b = l - -8. What is x(b)?
-8
Let q(t) be the first derivative of t**3/3 - 5*t**2/2 + 2*t - 1. Let x(l) = -l**2 + 19*l - 16. Let w be x(18). Calculate q(w).
-4
Let f(u) = u**2 + u - 1. Let d(g) = -7*g**2 + g + 1. Let i(t) = -d(t) - 6*f(t). Calculate i(6).
-1
Suppose 5*u - 5*o = 35